{"id":708,"date":"2026-03-20T10:06:05","date_gmt":"2026-03-20T09:06:05","guid":{"rendered":"https:\/\/sophieledesma.com\/?page_id=708"},"modified":"2026-04-09T15:04:15","modified_gmt":"2026-04-09T13:04:15","slug":"fiche-kamishibai","status":"publish","type":"page","link":"https:\/\/sophieledesma.com\/index.php\/fiche-kamishibai\/","title":{"rendered":"Fiche Kamishiba\u00ef."},"content":{"rendered":"\n<div class=\"wp-block-columns is-layout-flex wp-container-core-columns-is-layout-f56f613f wp-block-columns-is-layout-flex\">\n<div class=\"wp-block-column is-layout-flow wp-block-column-is-layout-flow\">\n<h5 class=\"wp-block-heading\"><strong>Kamishiba\u00ef, peinture \u00e0 doigts et comptines sur le th\u00e8me de la mer<\/strong><\/h5>\n<\/div>\n<\/div>\n\n\n\n<div class=\"wp-block-columns is-layout-flex wp-container-core-columns-is-layout-f56f613f wp-block-columns-is-layout-flex\">\n<div class=\"wp-block-column is-layout-flow wp-block-column-is-layout-flow\">\n<p class=\"wp-block-paragraph\"><strong>Lecture du kamishiba\u00ef <\/strong>Je propose d\u2019entrer dans l\u2019univers de l\u2019album \u00ab Au Bain \u00bb \u00e0 travers la lecture d\u2019un kamishiba\u00ef que j\u2019ai adapt\u00e9 \u00e0 partir de cet ouvrage. <\/p>\n\n\n\n<p class=\"wp-block-paragraph\">Cette aventure aquatique invite \u00e0 d\u00e9couvrir les sons, les mots, les images, mais aussi les gestes : qui saute dans les vagues ? Le phoque ! Qui explore les fonds marins ? La tortue ! Qui s\u2019y cache ? L\u2019\u00e9toile de mer ! Qui souffle et fait des splashs ? La baleine ! Les interactions avec les tr\u00e8s jeunes enfants sont au c\u0153ur de cette exp\u00e9rience.<\/p>\n\n\n\n<p class=\"wp-block-paragraph\"><strong>D\u00e9roulement de l\u2019atelier parents-enfants<\/strong> Pour prolonger le plaisir, je compl\u00e8te cette rencontre avec un atelier patouille et pochoir : les enfants accompagn\u00e9s de leur parents r\u00e9alisent des dessins inspir\u00e9s des personnages de l\u2019album. Cette exp\u00e9rience artistique am\u00e8ne la joie et le partage d\u2019un moment de complicit\u00e9 parents-enfants.<\/p>\n\n\n\n<p class=\"wp-block-paragraph\"><strong>Public : <\/strong>Tout-petits (0-3 ans) <\/p>\n\n\n\n<p class=\"wp-block-paragraph\"><strong>Nombre de participants : <\/strong>10 enfants accompagn\u00e9s d\u2019un parent <\/p>\n\n\n\n<p class=\"wp-block-paragraph\"><strong>Dur\u00e9e : <\/strong>30 min<\/p>\n<\/div>\n\n\n\n<div class=\"wp-block-column is-layout-flow wp-block-column-is-layout-flow\">\n<figure class=\"wp-block-image size-full is-resized\"><img loading=\"lazy\" decoding=\"async\" width=\"600\" height=\"600\" src=\"https:\/\/sophieledesma.com\/wp-content\/uploads\/2026\/03\/155801_couverture_Hres_0.jpg\" alt=\"\" class=\"wp-image-717\" style=\"width:347px;height:auto\" srcset=\"https:\/\/sophieledesma.com\/wp-content\/uploads\/2026\/03\/155801_couverture_Hres_0.jpg 600w, https:\/\/sophieledesma.com\/wp-content\/uploads\/2026\/03\/155801_couverture_Hres_0-300x300.jpg 300w\" sizes=\"auto, (max-width: 600px) 100vw, 600px\" \/><\/figure>\n\n\n\n<figure class=\"wp-block-image size-full is-resized\"><img loading=\"lazy\" decoding=\"async\" width=\"518\" height=\"425\" src=\"https:\/\/sophieledesma.com\/wp-content\/uploads\/2026\/03\/kamishibai_01-1.jpg\" alt=\"\" class=\"wp-image-705\" style=\"aspect-ratio:1.2188088465696827;width:348px;height:auto\"\/><\/figure>\n<\/div>\n<\/div>\n\n\n\n<div class=\"wp-block-columns is-layout-flex wp-container-core-columns-is-layout-f56f613f wp-block-columns-is-layout-flex\">\n<div class=\"wp-block-column is-layout-flow wp-block-column-is-layout-flow\">\n<figure class=\"wp-block-image size-full is-resized\"><img loading=\"lazy\" decoding=\"async\" width=\"425\" height=\"567\" src=\"https:\/\/sophieledesma.com\/wp-content\/uploads\/2026\/03\/IMG_3485.jpg\" alt=\"\" class=\"wp-image-739\" style=\"aspect-ratio:0.7495506565302226;width:348px;height:auto\"\/><\/figure>\n<\/div>\n\n\n\n<div class=\"wp-block-column is-layout-flow wp-block-column-is-layout-flow\">\n<figure class=\"wp-block-image size-full is-resized\"><img loading=\"lazy\" decoding=\"async\" width=\"425\" height=\"567\" src=\"https:\/\/sophieledesma.com\/wp-content\/uploads\/2026\/03\/kamishibai_02.jpg\" alt=\"\" class=\"wp-image-703\" style=\"aspect-ratio:0.7495516761811096;width:347px;height:auto\"\/><\/figure>\n<\/div>\n<\/div>\n","protected":false},"excerpt":{"rendered":"<p>Kamishiba\u00ef, peinture \u00e0 doigts et comptines sur le th\u00e8me de la mer Lecture du kamishiba\u00ef Je propose d\u2019entrer dans l\u2019univers de l\u2019album \u00ab Au Bain \u00bb \u00e0 travers la lecture d\u2019un kamishiba\u00ef que j\u2019ai adapt\u00e9 \u00e0 partir de cet ouvrage. Cette aventure aquatique invite \u00e0 d\u00e9couvrir les sons, les mots, les images, mais aussi les [&hellip;]<\/p>\n","protected":false},"author":1,"featured_media":0,"parent":0,"menu_order":0,"comment_status":"closed","ping_status":"closed","template":"","meta":{"_crdt_document":"{\"document\":\"AAAH17SkwAnKAZgBCCSYE75cBAIBAgpKDgIBAwwCAQIKAkJKXpQDAQIKSg4CAQMMAgECCgKeBeAFSgCeEAECCgJCSgCMCwECCgJCSgCyAQECCgJCSgCsAgECCgJCStYgpiEBAwwCAQIKAQVKAB4BAgoBBkriIoIjAQIKSg4CAQMMAgECCgEGSk4uAQMMAgECCgEGSswkEA5CmiQBAgoCQkrQhQEFmIUB0nHlASgDJwAEACcABACEACcAKAQnACgAJwAHACgDJwAoACcABwAoAycBBwAoAycBBAAoACcAhwAoAycAKAAnAAcAKAMnAQcAKAMnAQQAhAAoACcAhwAoAycBBAAoACcAhwAoAycBBAAoACcAhwAoAycBBAAoACcAhwAoAycBBAAoACcAhwAoAycBBwAoAycAKAEnACgEJwCHACgDJwAoAScAKAUnAIcAKAMnACgAJwAHACgDJwEHACgDJwAoAScAKAUnAIcAKAMnAQcAKAMnACgBJwAoBScAKAGoAscAKAMnAQQAKAAnAMS8N+A1c3RhdGV2ZXJzaW9uZG9jdW1lbnRkYXRlZG9jdW1lbnRzbHVnZG9jdW1lbnRzdGF0dXNkb2N1bWVudHRpdGxlRmljaGUgS2FtaXNoaWJhw68uZG9jdW1lbnRjb250ZW50PCEtLSB3cDpjb2x1bW5zIC0tPgo8ZGl2IGNsYXNzPSJ3cC1ibG9jay1jb2x1bW5zIj48IS0tIHdwOmNvbHVtbiAtLT4KPGRpdiBjbGFzcz0id3AtYmxvY2stY29sdW1uIj48IS0tIHdwOmhlYWRpbmcgeyJsZXZlbCI6NX0gLS0+CjxoNSBjbGFzcz0id3AtYmxvY2staGVhZGluZyI+PHN0cm9uZz5LYW1pc2hpYmHDrywgcGVpbnR1cmUgw6AgZG9pZ3RzIGV0IGNvbXB0aW5lcyBzdXIgbGUgdGjDqG1lIGRlIGxhIG1lcjwvc3Ryb25nPjwvaDU+CjwhLS0gL3dwOmhlYWRpbmcgLS0+PC9kaXY+CjwhLS0gL3dwOmNvbHVtbiAtLT48L2Rpdj4KPCEtLSAvd3A6Y29sdW1ucyAtLT4KCjwhLS0gd3A6Y29sdW1ucyAtLT4KPGRpdiBjbGFzcz0id3AtYmxvY2stY29sdW1ucyI+PCEtLSB3cDpjb2x1bW4gLS0+CjxkaXYgY2xhc3M9IndwLWJsb2NrLWNvbHVtbiI+PCEtLSB3cDpwYXJhZ3JhcGggLS0+CjxwPjxzdHJvbmc+TGVjdHVyZSBkdSBrYW1pc2hpYmHDryA8L3N0cm9uZz5KZSBwcm9wb3NlIGTigJllbnRyZXIgZGFucyBs4oCZdW5pdmVycyBkZSBs4oCZYWxidW0gwqsgQXUgQmFpbiDCuyDDoCB0cmF2ZXJzIGxhIGxlY3R1cmUgZOKAmXVuIGthbWlzaGliYcOvIHF1ZSBq4oCZYWkgYWRhcHTDqSDDoCBwYXJ0aXIgZGUgY2V0IG91dnJhZ2UuIENldHRlIGF2ZW50dXJlIGFxdWF0aXF1ZSBpbnZpdGUgw6AgZMOpY291dnJpciBsZXMgc29ucywgbGVzIG1vdHMsIGxlcyBpbWFnZXMsIG1haXMgYXVzc2kgbGVzIGdlc3RlcyA6IHF1aSBzYXV0ZSBkYW5zIGxlcyB2YWd1ZXMgPyBMZSBwaG9xdWUgISBRdWkgZXhwbG9yZSBsZXMgZm9uZHMgbWFyaW5zID8gTGEgdG9ydHVlICEgUXVpIHPigJl5IGNhY2hlID8gTOKAmcOpdG9pbGUgZGUgbWVyICEgUXVpIHNvdWZmbGUgZXQgZmFpdCBkZXMgc3BsYXNocyA\/IExhIGJhbGVpbmUgISBMZXMgaW50ZXJhY3Rpb25zIGF2ZWMgbGVzIHRyw6hzIGpldW5lcyBlbmZhbnRzIHNvbnQgYXUgY8WTdXIgZGUgY2V0dGUgZXhww6lyaWVuY2UuPC9wPgo8IS0tIC93cDpwYXJhZ3JhcGggLS0+Cgo8IS0tIHdwOnBhcmFncmFwaCAtLT4KPHA+PHN0cm9uZz5Ew6lyb3VsZW1lbnQgZGUgbOKAmWF0ZWxpZXIgcGFyZW50cy1lbmZhbnRzPC9zdHJvbmc+IFBvdXIgcHJvbG9uZ2VyIGxlIHBsYWlzaXIsIGplIGNvbXBsw6h0ZSBjZXR0ZSByZW5jb250cmUgYXZlYyB1biBhdGVsaWVyIHBhdG91aWxsZSBldCBwb2Nob2lyIDogbGVzIGVuZmFudHMgYWNjb21wYWduw6lzIGRlIGxldXIgcGFyZW50cyByw6lhbGlzZW50IGRlcyBkZXNzaW5zIGluc3BpcsOpcyBkZXMgcGVyc29ubmFnZXMgZGUgbOKAmWFsYnVtLiBDZXR0ZSBleHDDqXJpZW5jZSBhcnRpc3RpcXVlIGFtw6huZSBsYSBqb2llIGV0IGxlIHBhcnRhZ2UgZOKAmXVuIG1vbWVudCBkZSBjb21wbGljaXTDqSBwYXJlbnRzLWVuZmFudHMuPC9wPgo8IS0tIC93cDpwYXJhZ3JhcGggLS0+Cgo8IS0tIHdwOnBhcmFncmFwaCAtLT4KPHA+PHN0cm9uZz5QdWJsaWMgOiA8L3N0cm9uZz5Ub3V0LXBldGl0cyAoMC0zIGFucykgPC9wPgo8IS0tIC93cDpwYXJhZ3JhcGggLS0+Cgo8IS0tIHdwOnBhcmFncmFwaCAtLT4KPHA+PHN0cm9uZz5Ob21icmUgZGUgcGFydGljaXBhbnRzIDogPC9zdHJvbmc+MTAgZW5mYW50cyBhY2NvbXBhZ27DqXMgZOKAmXVuIHBhcmVudCA8L3A+CjwhLS0gL3dwOnBhcmFncmFwaCAtLT4KCjwhLS0gd3A6cGFyYWdyYXBoIC0tPgo8cD48c3Ryb25nPkR1csOpZSA6IDwvc3Ryb25nPjMwIG1pbjwvcD4KPCEtLSAvd3A6cGFyYWdyYXBoIC0tPjwvZGl2Pgo8IS0tIC93cDpjb2x1bW4gLS0+Cgo8IS0tIHdwOmNvbHVtbiAtLT4KPGRpdiBjbGFzcz0id3AtYmxvY2stY29sdW1uIj48IS0tIHdwOmltYWdlIHsiaWQiOjcxNywid2lkdGgiOiIzNDdweCIsImhlaWdodCI6ImF1dG8iLCJzaXplU2x1ZyI6ImZ1bGwiLCJsaW5rRGVzdGluYXRpb24iOiJub25lIn0gLS0+CjxmaWd1cmUgY2xhc3M9IndwLWJsb2NrLWltYWdlIHNpemUtZnVsbCBpcy1yZXNpemVkIj48aW1nIHNyYz0iaHR0cHM6Ly9zb3BoaWVsZWRlc21hLmNvbS93cC1jb250ZW50L3VwbG9hZHMvMjAyNi8wMy8xNTU4MDFfY291dmVydHVyZV9IcmVzXzAuanBnIiBhbHQ9IiIgY2xhc3M9IndwLWltYWdlLTcxNyIgc3R5bGU9IndpZHRoOjM0N3B4O2hlaWdodDphdXRvIi8+PC9maWd1cmU+CjwhLS0gL3dwOmltYWdlIC0tPgoKPCEtLSB3cDppbWFnZSB7ImlkIjo3MDUsIndpZHRoIjoiMzQ4cHgiLCJoZWlnaHQiOiJhdXRvIiwiYXNwZWN0UmF0aW8iOiIxLjIxODgwODg0NjU2OTY4MjciLCJzaXplU2x1ZyI6ImZ1bGwiLCJsaW5rRGVzdGluYXRpb24iOiJub25lIn0gLS0+CjxmaWd1cmUgY2xhc3M9IndwLWJsb2NrLWltYWdlIHNpemUtZnVsbCBpcy1yZXNpemVkIj48aW1nIHNyYz0iaHR0cHM6Ly9zb3BoaWVsZWRlc21hLmNvbS93cC1jb250ZW50L3VwbG9hZHMvMjAyNi8wMy9rYW1pc2hpYmFpXzAxLTEuanBnIiBhbHQ9IiIgY2xhc3M9IndwLWltYWdlLTcwNSIgc3R5bGU9ImFzcGVjdC1yYXRpbzoxLjIxODgwODg0NjU2OTY4Mjc7d2lkdGg6MzQ4cHg7aGVpZ2h0OmF1dG8iLz48L2ZpZ3VyZT4KPCEtLSAvd3A6aW1hZ2UgLS0+PC9kaXY+CjwhLS0gL3dwOmNvbHVtbiAtLT48L2Rpdj4KPCEtLSAvd3A6Y29sdW1ucyAtLT4KCjwhLS0gd3A6Y29sdW1ucyAtLT4KPGRpdiBjbGFzcz0id3AtYmxvY2stY29sdW1ucyI+PCEtLSB3cDpjb2x1bW4gLS0+CjxkaXYgY2xhc3M9IndwLWJsb2NrLWNvbHVtbiI+PCEtLSB3cDppbWFnZSB7ImlkIjo3MzksIndpZHRoIjoiMzQ4cHgiLCJoZWlnaHQiOiJhdXRvIiwiYXNwZWN0UmF0aW8iOiIwLjc0OTU1MDY1NjUzMDIyMjYiLCJzaXplU2x1ZyI6ImZ1bGwiLCJsaW5rRGVzdGluYXRpb24iOiJub25lIn0gLS0+CjxmaWd1cmUgY2xhc3M9IndwLWJsb2NrLWltYWdlIHNpemUtZnVsbCBpcy1yZXNpemVkIj48aW1nIHNyYz0iaHR0cHM6Ly9zb3BoaWVsZWRlc21hLmNvbS93cC1jb250ZW50L3VwbG9hZHMvMjAyNi8wMy9JTUdfMzQ4NS5qcGciIGFsdD0iIiBjbGFzcz0id3AtaW1hZ2UtNzM5IiBzdHlsZT0iYXNwZWN0LXJhdGlvOjAuNzQ5NTUwNjU2NTMwMjIyNjt3aWR0aDozNDhweDtoZWlnaHQ6YXV0byIvPjwvZmlndXJlPgo8IS0tIC93cDppbWFnZSAtLT48L2Rpdj4KPCEtLSAvd3A6Y29sdW1uIC0tPgoKPCEtLSB3cDpjb2x1bW4gLS0+CjxkaXYgY2xhc3M9IndwLWJsb2NrLWNvbHVtbiI+PCEtLSB3cDppbWFnZSB7ImlkIjo3MDMsIndpZHRoIjoiMzQ3cHgiLCJoZWlnaHQiOiJhdXRvIiwiYXNwZWN0UmF0aW8iOiIwLjc0OTU1MTY3NjE4MTEwOTYiLCJzaXplU2x1ZyI6ImZ1bGwiLCJsaW5rRGVzdGluYXRpb24iOiJub25lIn0gLS0+CjxmaWd1cmUgY2xhc3M9IndwLWJsb2NrLWltYWdlIHNpemUtZnVsbCBpcy1yZXNpemVkIj48aW1nIHNyYz0iaHR0cHM6Ly9zb3BoaWVsZWRlc21hLmNvbS93cC1jb250ZW50L3VwbG9hZHMvMjAyNi8wMy9rYW1pc2hpYmFpXzAyLmpwZyIgYWx0PSIiIGNsYXNzPSJ3cC1pbWFnZS03MDMiIHN0eWxlPSJhc3BlY3QtcmF0aW86MC43NDk1NTE2NzYxODExMDk2O3dpZHRoOjM0N3B4O2hlaWdodDphdXRvIi8+PC9maWd1cmU+CjwhLS0gL3dwOmltYWdlIC0tPjwvZGl2Pgo8IS0tIC93cDpjb2x1bW4gLS0+PC9kaXY+CjwhLS0gL3dwOmNvbHVtbnMgLS0+ZG9jdW1lbnRleGNlcnB0ZG9jdW1lbnRhdXRob3Jkb2N1bWVudGZlYXR1cmVkX21lZGlhZG9jdW1lbnRjb21tZW50X3N0YXR1c2RvY3VtZW50cGluZ19zdGF0dXNkb2N1bWVudHRlbXBsYXRlZG9jdW1lbnRtZXRhZm9vdG5vdGVzZG9jdW1lbnRibG9ja3NjbGllbnRJZGlzVmFsaWRvcmlnaW5hbENvbnRlbnRuYW1lYXR0cmlidXRlc2lzU3RhY2tlZE9uTW9iaWxlaW5uZXJCbG9ja3NjbGllbnRJZGlzVmFsaWRvcmlnaW5hbENvbnRlbnRuYW1lYXR0cmlidXRlc2lubmVyQmxvY2tzY2xpZW50SWRpc1ZhbGlkb3JpZ2luYWxDb250ZW50bmFtZWF0dHJpYnV0ZXNjb250ZW50PHN0cm9uZz5LYW1pc2hpYmHDrywgcGVpbnR1cmUgw6AgZG9pZ3RzIGV0IGNvbXB0aW5lcyBzdXIgbGUgdGjDqG1lIGRlIGxhIG1lcjwvc3Ryb25nPmxldmVsaW5uZXJCbG9ja3NjbGllbnRJZGlzVmFsaWRvcmlnaW5hbENvbnRlbnRuYW1lYXR0cmlidXRlc2lzU3RhY2tlZE9uTW9iaWxlaW5uZXJCbG9ja3NjbGllbnRJZGlzVmFsaWRvcmlnaW5hbENvbnRlbnRuYW1lYXR0cmlidXRlc2lubmVyQmxvY2tzY2xpZW50SWRpc1ZhbGlkb3JpZ2luYWxDb250ZW50bmFtZWF0dHJpYnV0ZXNjb250ZW50PHN0cm9uZz5MZWN0dXJlIGR1IGthbWlzaGliYcOvIDwvc3Ryb25nPkplIHByb3Bvc2UgZOKAmWVudHJlciBkYW5zIGzigJl1bml2ZXJzIGRlIGzigJlhbGJ1bSDCqyBBdSBCYWluIMK7IMOgIHRyYXZlcnMgbGEgbGVjdHVyZSBk4oCZdW4ga2FtaXNoaWJhw68gcXVlIGrigJlhaSBhZGFwdMOpIMOgIHBhcnRpciBkZSBjZXQgb3V2cmFnZS4gQ2V0dGUgYXZlbnR1cmUgYXF1YXRpcXVlIGludml0ZSDDoCBkw6ljb3V2cmlyIGxlcyBzb25zLCBsZXMgbW90cywgbGVzIGltYWdlcywgbWFpcyBhdXNzaSBsZXMgZ2VzdGVzIDogcXVpIHNhdXRlIGRhbnMgbGVzIHZhZ3VlcyA\/IExlIHBob3F1ZSAhIFF1aSBleHBsb3JlIGxlcyBmb25kcyBtYXJpbnMgPyBMYSB0b3J0dWUgISBRdWkgc+KAmXkgY2FjaGUgPyBM4oCZw6l0b2lsZSBkZSBtZXIgISBRdWkgc291ZmZsZSBldCBmYWl0IGRlcyBzcGxhc2hzID8gTGEgYmFsZWluZSAhIExlcyBpbnRlcmFjdGlvbnMgYXZlYyBsZXMgdHLDqHMgamV1bmVzIGVuZmFudHMgc29udCBhdSBjxZN1ciBkZSBjZXR0ZSBleHDDqXJpZW5jZS5kcm9wQ2FwaW5uZXJCbG9ja3NjbGllbnRJZGlzVmFsaWRvcmlnaW5hbENvbnRlbnRuYW1lYXR0cmlidXRlc2NvbnRlbnQ8c3Ryb25nPkTDqXJvdWxlbWVudCBkZSBs4oCZYXRlbGllciBwYXJlbnRzLWVuZmFudHM8L3N0cm9uZz4gUG91ciBwcm9sb25nZXIgbGUgcGxhaXNpciwgamUgY29tcGzDqHRlIGNldHRlIHJlbmNvbnRyZSBhdmVjIHVuIGF0ZWxpZXIgcGF0b3VpbGxlIGV0IHBvY2hvaXIgOiBsZXMgZW5mYW50cyBhY2NvbXBhZ27DqXMgZGUgbGV1ciBwYXJlbnRzIHLDqWFsaXNlbnQgZGVzIGRlc3NpbnMgaW5zcGlyw6lzIGRlcyBwZXJzb25uYWdlcyBkZSBs4oCZYWxidW0uIENldHRlIGV4cMOpcmllbmNlIGFydGlzdGlxdWUgYW3DqG5lIGxhIGpvaWUgZXQgbGUgcGFydGFnZSBk4oCZdW4gbW9tZW50IGRlIGNvbXBsaWNpdMOpIHBhcmVudHMtZW5mYW50cy5kcm9wQ2FwaW5uZXJCbG9ja3NjbGllbnRJZGlzVmFsaWRvcmlnaW5hbENvbnRlbnRuYW1lYXR0cmlidXRlc2NvbnRlbnQ8c3Ryb25nPlB1YmxpYyA6IDwvc3Ryb25nPlRvdXQtcGV0aXRzICgwLTMgYW5zKSBkcm9wQ2FwaW5uZXJCbG9ja3NjbGllbnRJZGlzVmFsaWRvcmlnaW5hbENvbnRlbnRuYW1lYXR0cmlidXRlc2NvbnRlbnQ8c3Ryb25nPk5vbWJyZSBkZSBwYXJ0aWNpcGFudHMgOiA8L3N0cm9uZz4xMCBlbmZhbnRzIGFjY29tcGFnbsOpcyBk4oCZdW4gcGFyZW50IGRyb3BDYXBpbm5lckJsb2Nrc2NsaWVudElkaXNWYWxpZG9yaWdpbmFsQ29udGVudG5hbWVhdHRyaWJ1dGVzY29udGVudDxzdHJvbmc+RHVyw6llIDogPC9zdHJvbmc+MzAgbWluZHJvcENhcGlubmVyQmxvY2tzY2xpZW50SWRpc1ZhbGlkb3JpZ2luYWxDb250ZW50bmFtZWF0dHJpYnV0ZXNpbm5lckJsb2Nrc2NsaWVudElkaXNWYWxpZG9yaWdpbmFsQ29udGVudG5hbWVhdHRyaWJ1dGVzdXJsYWx0Y2FwdGlvbmlkd2lkdGhoZWlnaHRzaXplU2x1Z2xpbmtEZXN0aW5hdGlvbmlubmVyQmxvY2tzY2xpZW50SWRpc1ZhbGlkb3JpZ2luYWxDb250ZW50bmFtZWF0dHJpYnV0ZXN1cmxhbHRjYXB0aW9uaWR3aWR0aGhlaWdodGFzcGVjdFJhdGlvc2l6ZVNsdWdsaW5rRGVzdGluYXRpb25pbm5lckJsb2Nrc2NsaWVudElkaXNWYWxpZG9yaWdpbmFsQ29udGVudG5hbWVhdHRyaWJ1dGVzaXNTdGFja2VkT25Nb2JpbGVpbm5lckJsb2Nrc2NsaWVudElkaXNWYWxpZG9yaWdpbmFsQ29udGVudG5hbWVhdHRyaWJ1dGVzaW5uZXJCbG9ja3NjbGllbnRJZGlzVmFsaWRvcmlnaW5hbENvbnRlbnRuYW1lYXR0cmlidXRlc3VybGFsdGNhcHRpb25pZHdpZHRoaGVpZ2h0YXNwZWN0UmF0aW9zaXplU2x1Z2xpbmtEZXN0aW5hdGlvbmlubmVyQmxvY2tzY2xpZW50SWRpc1ZhbGlkb3JpZ2luYWxDb250ZW50bmFtZWF0dHJpYnV0ZXNpbm5lckJsb2Nrc2NsaWVudElkaXNWYWxpZG9yaWdpbmFsQ29udGVudG5hbWVhdHRyaWJ1dGVzdXJsYWx0Y2FwdGlvbmlkd2lkdGhoZWlnaHRhc3BlY3RSYXRpb3NpemVTbHVnbGlua0Rlc3RpbmF0aW9uaW5uZXJCbG9ja3NzdGF0ZXNhdmVkQXRzdGF0ZXNhdmVkQnljbGllbnRJZGlzVmFsaWRvcmlnaW5hbENvbnRlbnRuYW1lYXR0cmlidXRlc2NvbnRlbnRDZXR0ZSBhdmVudHVyZSBhcXVhdGlxdWUgaW52aXRlIMOgIGTDqWNvdXZyaXIgbGVzIHNvbnMsIGxlcyBtb3RzLCBsZXMgaW1hZ2VzLCBtYWlzIGF1c3NpIGxlcyBnZXN0ZXMgOiBxdWkgc2F1dGUgZGFucyBsZXMgdmFndWVzID8gTGUgcGhvcXVlICEgUXVpIGV4cGxvcmUgbGVzIGZvbmRzIG1hcmlucyA\/IExhIHRvcnR1ZSAhIFF1aSBz4oCZeSBjYWNoZSA\/IEzigJnDqXRvaWxlIGRlIG1lciAhIFF1aSBzb3VmZmxlIGV0IGZhaXQgZGVzIHNwbGFzaHMgPyBMYSBiYWxlaW5lICEgTGVzIGludGVyYWN0aW9ucyBhdmVjIGxlcyB0csOocyBqZXVuZXMgZW5mYW50cyBzb250IGF1IGPFk3VyIGRlIGNldHRlIGV4cMOpcmllbmNlLmRyb3BDYXBpbm5lckJsb2NrczwvcD4KPCEtLSAvd3A6cGFyYWdyYXBoIC0tPgoKPCEtLSB3cDpwYXJhZ3JhcGggLS0+CjxwPgUHCAQIBAgGCAURCAesCZguCAcIBggOCA4IC0gBBAkIBggHDwQKEQsIBw8ECgsIBw8ECgeSAQULCAcPBAoRCwgHDwQKCwgHDwQKB68ClwUHCwgHDwQKB50FBwsIBw8ECgcwBwsIBw8ECgeNAQcLCAcPBAoHHwcLCAcPBAoLCAcPBApDAAcCBQYIDwsIBw8ECkMABwIFBgsIDwsIBw8EChELCAcPBAoLCAcPBApDAAcCBQYLCA8LCAcPBAoLCAcPBApDAAcCBQYLCA8LBQcFBwgHDwQKB5cFBws2FAEEAAABAAAAAQYAAAEAAKwBAQEASEIBAQBBAABBAABBAAIAQQAAQQAAQQACAEEAAgBBAAIAQQACAEEAAgBBAABBAAIAQQACAEEAAEEAAEEAAgBBAABBAAIAQQACAANBggEB2QEAfQF3EzIwMjYtMDMtMjBUMTA6MDY6MDV3EGZpY2hlLWthbWlzaGliYWl3B3B1Ymxpc2h9AX0AdwZjbG9zZWR3BmNsb3NlZHcAdwB3JGY2MWQ5MzRjLTcyZGUtNGViZC1iNWIxLThlN2ZhNjU1MGY3MHh3JDxkaXYgY2xhc3M9IndwLWJsb2NrLWNvbHVtbnMiPjwvZGl2PncMY29yZS9jb2x1bW5zeHckYmIzZjYyZjUtMzJlOC00NWNmLWE2YjUtODJkMDM1ZTg4ZjEyeHcjPGRpdiBjbGFzcz0id3AtYmxvY2stY29sdW1uIj48L2Rpdj53C2NvcmUvY29sdW1udyQyYzEzNGY5Ny01MWJkLTQ4MWYtODYxYi0xYjUzYjQ1NTA2YTN4d3c8aDUgY2xhc3M9IndwLWJsb2NrLWhlYWRpbmciPjxzdHJvbmc+S2FtaXNoaWJhw68sIHBlaW50dXJlIMOgIGRvaWd0cyBldCBjb21wdGluZXMgc3VyIGxlIHRow6htZSBkZSBsYSBtZXI8L3N0cm9uZz48L2g1PncMY29yZS9oZWFkaW5nfQV3JDJjNjVlNzI0LWJkOGUtNDUyMy1hOWJlLTI1NmQxYTQ2MGEwY3h3JjxkaXYgY2xhc3M9IndwLWJsb2NrLWNvbHVtbnMiPgoKPC9kaXY+dwxjb3JlL2NvbHVtbnN4dyQ0ZTBjYjlmYy0wMmQzLTQyYzctOTUzOS0wZGM2ZDhmOTQ3MGN4dys8ZGl2IGNsYXNzPSJ3cC1ibG9jay1jb2x1bW4iPgoKCgoKCgoKPC9kaXY+dwtjb3JlL2NvbHVtbnckYzU5NDZiMWMtNmFmZS00NjJlLThhZDQtMDFhZTY4MDdjZjA2eHeoBDxwPjxzdHJvbmc+TGVjdHVyZSBkdSBrYW1pc2hpYmHDryA8L3N0cm9uZz5KZSBwcm9wb3NlIGTigJllbnRyZXIgZGFucyBs4oCZdW5pdmVycyBkZSBs4oCZYWxidW0gwqsgQXUgQmFpbiDCuyDDoCB0cmF2ZXJzIGxhIGxlY3R1cmUgZOKAmXVuIGthbWlzaGliYcOvIHF1ZSBq4oCZYWkgYWRhcHTDqSDDoCBwYXJ0aXIgZGUgY2V0IG91dnJhZ2UuIENldHRlIGF2ZW50dXJlIGFxdWF0aXF1ZSBpbnZpdGUgw6AgZMOpY291dnJpciBsZXMgc29ucywgbGVzIG1vdHMsIGxlcyBpbWFnZXMsIG1haXMgYXVzc2kgbGVzIGdlc3RlcyA6IHF1aSBzYXV0ZSBkYW5zIGxlcyB2YWd1ZXMgPyBMZSBwaG9xdWUgISBRdWkgZXhwbG9yZSBsZXMgZm9uZHMgbWFyaW5zID8gTGEgdG9ydHVlICEgUXVpIHPigJl5IGNhY2hlID8gTOKAmcOpdG9pbGUgZGUgbWVyICEgUXVpIHNvdWZmbGUgZXQgZmFpdCBkZXMgc3BsYXNocyA\/IExhIGJhbGVpbmUgISBMZXMgaW50ZXJhY3Rpb25zIGF2ZWMgbGVzIHRyw6hzIGpldW5lcyBlbmZhbnRzIHNvbnQgYXUgY8WTdXIgZGUgY2V0dGUgZXhww6lyaWVuY2UuPC9wPncOY29yZS9wYXJhZ3JhcGh5dyRmOGUzOGQyNS05ZDBmLTQ1MmItOWFiMy1hOTljZjY4NjhmNTF4d\/ICPHA+PHN0cm9uZz5Ew6lyb3VsZW1lbnQgZGUgbOKAmWF0ZWxpZXIgcGFyZW50cy1lbmZhbnRzPC9zdHJvbmc+IFBvdXIgcHJvbG9uZ2VyIGxlIHBsYWlzaXIsIGplIGNvbXBsw6h0ZSBjZXR0ZSByZW5jb250cmUgYXZlYyB1biBhdGVsaWVyIHBhdG91aWxsZSBldCBwb2Nob2lyIDogbGVzIGVuZmFudHMgYWNjb21wYWduw6lzIGRlIGxldXIgcGFyZW50cyByw6lhbGlzZW50IGRlcyBkZXNzaW5zIGluc3BpcsOpcyBkZXMgcGVyc29ubmFnZXMgZGUgbOKAmWFsYnVtLiBDZXR0ZSBleHDDqXJpZW5jZSBhcnRpc3RpcXVlIGFtw6huZSBsYSBqb2llIGV0IGxlIHBhcnRhZ2UgZOKAmXVuIG1vbWVudCBkZSBjb21wbGljaXTDqSBwYXJlbnRzLWVuZmFudHMuPC9wPncOY29yZS9wYXJhZ3JhcGh5dyRiNGJkMDFiZS04ZDZiLTQxZTktOWQ5Ny0xMmI4NjUzZmUyMzF4dzc8cD48c3Ryb25nPlB1YmxpYyA6IDwvc3Ryb25nPlRvdXQtcGV0aXRzICgwLTMgYW5zKSA8L3A+dw5jb3JlL3BhcmFncmFwaHl3JDU4NGE4OTgzLTJkOWQtNGU0MS1hODg0LTE5Nzc0OTU0MmIzMnh3VzxwPjxzdHJvbmc+Tm9tYnJlIGRlIHBhcnRpY2lwYW50cyA6IDwvc3Ryb25nPjEwIGVuZmFudHMgYWNjb21wYWduw6lzIGTigJl1biBwYXJlbnQgPC9wPncOY29yZS9wYXJhZ3JhcGh5dyQ0ZWE2NDAxNi00Y2MyLTRkNGQtOWVmYi0wMDUyMzRlMjk3ZDV4dyc8cD48c3Ryb25nPkR1csOpZSA6IDwvc3Ryb25nPjMwIG1pbjwvcD53DmNvcmUvcGFyYWdyYXBoeXckMjg5MWMyNzQtYTk2Ni00MjJhLTgyMzQtODNjZDgwNmRiMTFheHclPGRpdiBjbGFzcz0id3AtYmxvY2stY29sdW1uIj4KCjwvZGl2PncLY29yZS9jb2x1bW53JDExMDZmNzA1LTVkYzctNGU4Ni1iZTMzLWQ4Mzg5ZjNiNmVlNXh31wE8ZmlndXJlIGNsYXNzPSJ3cC1ibG9jay1pbWFnZSBzaXplLWZ1bGwgaXMtcmVzaXplZCI+PGltZyBzcmM9Imh0dHBzOi8vc29waGllbGVkZXNtYS5jb20vd3AtY29udGVudC91cGxvYWRzLzIwMjYvMDMvMTU1ODAxX2NvdXZlcnR1cmVfSHJlc18wLmpwZyIgYWx0PSIiIGNsYXNzPSJ3cC1pbWFnZS03MTciIHN0eWxlPSJ3aWR0aDozNDdweDtoZWlnaHQ6YXV0byIvPjwvZmlndXJlPncKY29yZS9pbWFnZXdRaHR0cHM6Ly9zb3BoaWVsZWRlc21hLmNvbS93cC1jb250ZW50L3VwbG9hZHMvMjAyNi8wMy8xNTU4MDFfY291dmVydHVyZV9IcmVzXzAuanBndwB9jQt3BTM0N3B4dwRhdXRvdwRmdWxsdwRub25ldyRlNjFmMTViYi1lODRjLTQzY2YtOTEyMS04NzljNmU2MzYwYWZ4d+4BPGZpZ3VyZSBjbGFzcz0id3AtYmxvY2staW1hZ2Ugc2l6ZS1mdWxsIGlzLXJlc2l6ZWQiPjxpbWcgc3JjPSJodHRwczovL3NvcGhpZWxlZGVzbWEuY29tL3dwLWNvbnRlbnQvdXBsb2Fkcy8yMDI2LzAzL2thbWlzaGliYWlfMDEtMS5qcGciIGFsdD0iIiBjbGFzcz0id3AtaW1hZ2UtNzA1IiBzdHlsZT0iYXNwZWN0LXJhdGlvOjEuMjE4ODA4ODQ2NTY5NjgyNzt3aWR0aDozNDhweDtoZWlnaHQ6YXV0byIvPjwvZmlndXJlPncKY29yZS9pbWFnZXdIaHR0cHM6Ly9zb3BoaWVsZWRlc21hLmNvbS93cC1jb250ZW50L3VwbG9hZHMvMjAyNi8wMy9rYW1pc2hpYmFpXzAxLTEuanBndwB9gQt3BTM0OHB4dwRhdXRvdxIxLjIxODgwODg0NjU2OTY4Mjd3BGZ1bGx3BG5vbmV3JDAzNGU3NDEyLThlNjYtNDAyNC1hYjUzLWM5YTcyOGIxM2JmOXh3JjxkaXYgY2xhc3M9IndwLWJsb2NrLWNvbHVtbnMiPgoKPC9kaXY+dwxjb3JlL2NvbHVtbnN4dyQ5YWM0ZjcwNS0zYWEyLTRkMjEtYmM1Zi04NDczOGY3NjQ3MWF4dyM8ZGl2IGNsYXNzPSJ3cC1ibG9jay1jb2x1bW4iPjwvZGl2PncLY29yZS9jb2x1bW53JDBhMGJjYWE0LWFkNGEtNGExOC1iMjc1LWQ2OWU1YjQ5N2RjOHh35wE8ZmlndXJlIGNsYXNzPSJ3cC1ibG9jay1pbWFnZSBzaXplLWZ1bGwgaXMtcmVzaXplZCI+PGltZyBzcmM9Imh0dHBzOi8vc29waGllbGVkZXNtYS5jb20vd3AtY29udGVudC91cGxvYWRzLzIwMjYvMDMvSU1HXzM0ODUuanBnIiBhbHQ9IiIgY2xhc3M9IndwLWltYWdlLTczOSIgc3R5bGU9ImFzcGVjdC1yYXRpbzowLjc0OTU1MDY1NjUzMDIyMjY7d2lkdGg6MzQ4cHg7aGVpZ2h0OmF1dG8iLz48L2ZpZ3VyZT53CmNvcmUvaW1hZ2V3QWh0dHBzOi8vc29waGllbGVkZXNtYS5jb20vd3AtY29udGVudC91cGxvYWRzLzIwMjYvMDMvSU1HXzM0ODUuanBndwB9owt3BTM0OHB4dwRhdXRvdxIwLjc0OTU1MDY1NjUzMDIyMjZ3BGZ1bGx3BG5vbmV3JDg4NjAyNDQwLWJmMDgtNGRmZC04NWNhLTEwNDNhNDMwYjhhM3h3IzxkaXYgY2xhc3M9IndwLWJsb2NrLWNvbHVtbiI+PC9kaXY+dwtjb3JlL2NvbHVtbnckZTA5OWYxOTEtZTIxNC00OTk1LTlhZmMtNWVkNjkzM2QzNzgyeHfsATxmaWd1cmUgY2xhc3M9IndwLWJsb2NrLWltYWdlIHNpemUtZnVsbCBpcy1yZXNpemVkIj48aW1nIHNyYz0iaHR0cHM6Ly9zb3BoaWVsZWRlc21hLmNvbS93cC1jb250ZW50L3VwbG9hZHMvMjAyNi8wMy9rYW1pc2hpYmFpXzAyLmpwZyIgYWx0PSIiIGNsYXNzPSJ3cC1pbWFnZS03MDMiIHN0eWxlPSJhc3BlY3QtcmF0aW86MC43NDk1NTE2NzYxODExMDk2O3dpZHRoOjM0N3B4O2hlaWdodDphdXRvIi8+PC9maWd1cmU+dwpjb3JlL2ltYWdld0ZodHRwczovL3NvcGhpZWxlZGVzbWEuY29tL3dwLWNvbnRlbnQvdXBsb2Fkcy8yMDI2LzAzL2thbWlzaGliYWlfMDIuanBndwB9vwp3BTM0N3B4dwRhdXRvdxIwLjc0OTU1MTY3NjE4MTEwOTZ3BGZ1bGx3BG5vbmV7QnnXJWmKIAB9l7SkwAl3JDA0OWQ3OGQ0LTFlNzctNDMyMC1hM2JmLWFiMDAwZTQwNTNkMnckZTM4N2Q5MTgtNmZlNC00MmI0LWExYzgtZDY2MmFjNmM2MjRjdyRkZWM3OTk0NS0zNGNjLTRhYmQtYmE2Zi1iMmQyMmI0NjY4ZDZ3JDZmMWU0MTJjLTMxNjQtNGVjMy04NTk0LWNjOGU1NjQ0MjRkY3h3qAQ8cD48c3Ryb25nPkxlY3R1cmUgZHUga2FtaXNoaWJhw68gPC9zdHJvbmc+SmUgcHJvcG9zZSBk4oCZZW50cmVyIGRhbnMgbOKAmXVuaXZlcnMgZGUgbOKAmWFsYnVtIMKrIEF1IEJhaW4gwrsgw6AgdHJhdmVycyBsYSBsZWN0dXJlIGTigJl1biBrYW1pc2hpYmHDryBxdWUgauKAmWFpIGFkYXB0w6kgw6AgcGFydGlyIGRlIGNldCBvdXZyYWdlLiBDZXR0ZSBhdmVudHVyZSBhcXVhdGlxdWUgaW52aXRlIMOgIGTDqWNvdXZyaXIgbGVzIHNvbnMsIGxlcyBtb3RzLCBsZXMgaW1hZ2VzLCBtYWlzIGF1c3NpIGxlcyBnZXN0ZXMgOiBxdWkgc2F1dGUgZGFucyBsZXMgdmFndWVzID8gTGUgcGhvcXVlICEgUXVpIGV4cGxvcmUgbGVzIGZvbmRzIG1hcmlucyA\/IExhIHRvcnR1ZSAhIFF1aSBz4oCZeSBjYWNoZSA\/IEzigJnDqXRvaWxlIGRlIG1lciAhIFF1aSBzb3VmZmxlIGV0IGZhaXQgZGVzIHNwbGFzaHMgPyBMYSBiYWxlaW5lICEgTGVzIGludGVyYWN0aW9ucyBhdmVjIGxlcyB0csOocyBqZXVuZXMgZW5mYW50cyBzb250IGF1IGPFk3VyIGRlIGNldHRlIGV4cMOpcmllbmNlLjwvcD53DmNvcmUvcGFyYWdyYXBoeQGXmpLgBASPHQAHAAYAtAHWAg==\",\"updateId\":888196508}","footnotes":""},"class_list":["post-708","page","type-page","status-publish","hentry"],"jetpack_sharing_enabled":true,"_links":{"self":[{"href":"https:\/\/sophieledesma.com\/index.php\/wp-json\/wp\/v2\/pages\/708","targetHints":{"allow":["GET"]}}],"collection":[{"href":"https:\/\/sophieledesma.com\/index.php\/wp-json\/wp\/v2\/pages"}],"about":[{"href":"https:\/\/sophieledesma.com\/index.php\/wp-json\/wp\/v2\/types\/page"}],"author":[{"embeddable":true,"href":"https:\/\/sophieledesma.com\/index.php\/wp-json\/wp\/v2\/users\/1"}],"replies":[{"embeddable":true,"href":"https:\/\/sophieledesma.com\/index.php\/wp-json\/wp\/v2\/comments?post=708"}],"version-history":[{"count":6,"href":"https:\/\/sophieledesma.com\/index.php\/wp-json\/wp\/v2\/pages\/708\/revisions"}],"predecessor-version":[{"id":795,"href":"https:\/\/sophieledesma.com\/index.php\/wp-json\/wp\/v2\/pages\/708\/revisions\/795"}],"wp:attachment":[{"href":"https:\/\/sophieledesma.com\/index.php\/wp-json\/wp\/v2\/media?parent=708"}],"curies":[{"name":"wp","href":"https:\/\/api.w.org\/{rel}","templated":true}]}}